n(i) be the second derivative of 5*i**3/6 - 13*i**2/2 + 5*i. Let j be n(4). Suppose -133 = -j*f + 77. What is the tens digit of f?
3
Let u(q) = -2*q**2 + 7*q + 20. Let a be u(10). What is the tens digit of -12 - a - (1 + 1)?
9
Let h be 178/5 - (-2)/5. Let g = -37 + h. What is the units digit of -2*(1 + -4 + g)?
8
Suppose 4*u = 2543 + 8609. What is the tens digit of u?
8
Let t(s) = -3*s**3 - s**2 - s. Let h be t(-1). Suppose 0 = -3*i + 2*i + h. Suppose 3*x = 12 + i. What is the units digit of x?
5
Let a be (-215)/25 + (-4)/10. Let k = a + 9. Suppose -y + 6*y - 30 = k. What is the units digit of y?
6
Let z(s) = -s - 7. Let g(b) = -12*b**2 + 1. Let x be g(1). Let j be z(x). Suppose 5*i = -5*l + 25, i = j*i - 5*l + 17. What is the units digit of i?
1
Suppose 5*j = -0*j - 20. What is the tens digit of (1 - (-2)/j)*24?
1
Let l = 474 - 204. Suppose 4*d + l = 910. Suppose -6*o + d = -o. What is the units digit of o?
2
Let x(u) be the first derivative of u**4/4 - 8*u**3/3 + 2*u**2 + 8*u + 1. Let z(d) = -2*d**2 - 29*d - 52. Let m be z(-12). What is the tens digit of x(m)?
4
Suppose 11*j - 43*j + 45184 = 0. What is the thousands digit of j?
1
Let r(x) = -x**3 + 8*x**2 - 7*x + 4. Let p be r(7). Suppose 3*z - 5 = p. What is the units digit of z?
3
What is the hundreds digit of (-22)/66 + 1630/3?
5
Suppose -3*a = 0, 0*a - 10000 = -5*o - a. What is the thousands digit of o?
2
Let g = 602 + 1574. What is the hundreds digit of g?
1
Let z(h) be the third derivative of -h**6/15 + h**5/20 + 5*h**4/24 + 2*h**3/3 + 14*h**2. What is the tens digit of z(-3)?
3
Suppose -10 = d + 4*d. Let p be (-8)/12 + d/(-3). Suppose -4*m = -0*m - 2*a - 168, -m - a + 36 = p. What is the units digit of m?
0
Let a(b) = -12*b - 15. Let d be a(-6). What is the units digit of ((-380)/d)/(1/(-12))?
0
Let d be 5 + -2 + 7 + 0. Suppose d = 7*a - 12*a. What is the units digit of 29 - (4/a + 0)?
1
Suppose 4*v - 5*b = 20974, -2*b = -b - 2. What is the hundreds digit of v?
2
Suppose 0 = -h - 3*u + 8*u + 16, 2*h = 3*u + 18. Let s = 6 - h. Suppose -5*t + 70 = -s. What is the units digit of t?
4
Suppose 4*k - 9181 - 2574 = -5*a, 0 = -3*a - 2*k + 7051. What is the tens digit of a?
4
Let c be 1/2 + 131/2. Suppose i + 5*o - 4 = -38, 4*i + 5*o = -151. Let p = c + i. What is the tens digit of p?
2
Let t(h) = -h**2 - 3*h + 2. Let x be t(-3). Let i = -77 - -80. Suppose l - x*c = 59, 184 = i*l + 2*c - c. What is the units digit of l?
1
Suppose 2*w + 3*w - 10 = 0. Suppose -w*r + 5*r + j - 278 = 0, -r + 102 = 5*j. What is the tens digit of r?
9
Suppose -3*l = -y - 2677, -2*y - 3791 = -5*l + 670. What is the tens digit of l?
9
Suppose 0 = 4*f - 10*f - 48. Suppose 3*s + 0*s = -4*g - 42, -5*g - 4*s - 53 = 0. Let p = f - g. What is the units digit of p?
1
What is the hundreds digit of (-6483)/(-15) - (-4 - (-42)/10)?
4
Let i(n) = -n**3 + 8*n**2 - 8*n + 5. Let x be i(7). Let o = x - 1. What is the units digit of 37 + -3 - o/1?
7
Let c(r) = r**2 - 2*r - 8. Let l be c(-7). Suppose 2*s - l = -1. What is the units digit of s?
7
Let i(r) = -r**2. Let h be i(0). Suppose -101 - 179 = -7*d. Suppose -3*o - 191 = -8*o + j, o - 2*j - d = h. What is the units digit of o?
8
Let l(f) = -f**2 - 9*f - 25. Let k be l(-7). Let c(y) = -y**2 - 13*y - 7. What is the tens digit of c(k)?
1
Let f = 6 + 4. Let y = f + -6. What is the units digit of 3 + 7 - (-2 + y)?
8
Suppose 9*c = 11*c - 364. Suppose 5*m - 205 = -5*w, -m + w + 35 = -0*w. Suppose -5*j - 4*d + c = 0, -5*j + 148 = 2*d - m. What is the tens digit of j?
3
Suppose 16*p = 6166 + 6106. What is the units digit of p?
7
Let r = -13 - -18. Let x = 4 - r. What is the units digit of -2 + x - (-63)/3?
8
Let m = 1 + -5. Let j = m - -4. Suppose j = -2*w - 4*a - 2 + 4, -1 = w + 3*a. What is the units digit of w?
5
Suppose 0 = d + n - 6, d - 10 = -2*n - 2. Let j(m) = -11*m - 4*m**2 + 2*m**2 + 4*m**2 + d. What is the units digit of j(7)?
5
Let k be -26 + (-1 + -1)*-1. Let x be (-30)/(-7) + k/84. Suppose -l = x*l - 145. What is the tens digit of l?
2
Let u(v) = -105*v - 34. What is the tens digit of u(-6)?
9
Let h be 7*(-4)/(16/(-4)). What is the tens digit of (1 + h)/((-2)/(-5))?
2
Suppose 5*z + 16 = b - 3*b, -20 = 5*z. Suppose -39 - 163 = -b*g + 2*f, 2*g = -5*f + 174. What is the tens digit of g?
9
Let m(v) = -v + 15. Let l be m(14). Let r be ((-46)/(-6))/(l/3). Suppose -41 = -2*h + r. What is the tens digit of h?
3
Let q be 1/(2/10 + 0). Let p be q/(-5) - (1 - 2). Suppose -53 = -2*f + f + 3*r, p = -4*f + 3*r + 230. What is the units digit of f?
9
What is the tens digit of (1150/(-138))/((-3)/693)?
2
What is the hundreds digit of -92*(-5)/(-10)*-7?
3
Suppose -3*y - 5*k + 715 = -y, -4*k - 1500 = -4*y. Let a = y - 182. What is the hundreds digit of a?
1
Let o = -10 - -10. Suppose o = 4*h - 2*h + 8. Let a(t) = -7*t + 2. What is the units digit of a(h)?
0
Let l(s) = -4018*s**3 - 2*s**2 - 3*s - 10. Let t be l(-2). What is the hundreds digit of t/203 - 4/14?
1
Let s = 1463 - 813. What is the units digit of s?
0
Let r = 370 + 46. What is the units digit of r?
6
Let g be (3 + 15/(-5))/1. Suppose 4 = n - 0*n. Suppose -i - i + n = g, 2*b + 3*i = 52. What is the units digit of b?
3
Suppose 0 = -2*f - 4*f + 18. What is the units digit of (f - -2)/(-5) - -51?
0
Suppose -5*k = -2*a + 56 + 312, -388 = -2*a - 5*k. What is the units digit of a?
9
Suppose 2*m + 39 = -m. Let d = m + 4. What is the units digit of 15*(-3)/d + -4?
1
Suppose 29 + 25 = -2*d. Let i = 39 + d. What is the tens digit of i?
1
Suppose 33*f = 37*f, -3*f - 8463 = -3*i. What is the hundreds digit of i?
8
Suppose 0 = 2*n - 5717 + 231. What is the units digit of n?
3
Let w(g) be the second derivative of 2*g**3/3 - 9*g**2/2 + 9*g. What is the tens digit of w(20)?
7
Let c(r) = r**3 - r**2 - r + 5. Let a = -20 - -22. Suppose -8*b = -a*b. What is the units digit of c(b)?
5
Suppose 4*m = 5*v - 12854, -3*v + 7*m + 7707 = 10*m. What is the tens digit of v?
7
Let q(w) = 157*w - 134. What is the tens digit of q(3)?
3
Suppose 0 = -42*w + 40*w + 4*u + 1264, 4*w = -2*u + 2488. What is the hundreds digit of w?
6
Suppose 0*m + 92 = -4*m. Let f = 14 + m. What is the tens digit of 436/18 - (-2)/f?
2
Let j = -109 - -108. What is the units digit of (169 - -8) + -5 - j*2?
4
Suppose -37 = -4*h + 999. What is the units digit of h?
9
Suppose -52*b + 54*b = 4. Suppose b*a + 103 = 3*a. What is the units digit of a?
3
Suppose -8*b - 5*s = -7*b - 20, -4*s - 129 = -5*b. What is the tens digit of b?
2
Let x(l) = l**3 + l**2 - 6*l - 4. Let o(c) = -c**3 - c**2 + 7*c + 5. Let k(b) = -4*o(b) - 5*x(b). Let v be k(-2). Let r = 15 - v. What is the units digit of r?
5
Let x = -679 - -1022. What is the hundreds digit of x?
3
Suppose -4*z - 11 = 1. Let q = z - -5. Suppose k = 5*s - 74, -20 = -s - q*k - 3*k. What is the units digit of s?
5
Let c(k) = -4*k - 4*k + 4 + 23*k. What is the tens digit of c(3)?
4
Suppose -35 = -5*f + 4*y + y, 15 = 5*f - y. Suppose k - 3*w = -2*w, 4*k - f*w = 0. Suppose 11*u - 16*u + 20 = k. What is the units digit of u?
4
Let n(f) = f**2 - 8*f + 7. Let u be n(11). Suppose -2*l - 98 = -3*x, 0*x = 2*x + 5*l - u. What is the units digit of x?
0
Let b = 396 + -210. Suppose -90 = -2*v + 4*r + 114, b = 2*v + 2*r. What is the units digit of v?
6
Suppose -2*t + 3*t = -3*f + 2197, 3*t + 2181 = 3*f. What is the tens digit of f?
3
Let j = -7 - -12. Let p be j*5/(25/3). Suppose 3*d = 3*n + 2*n - 22, -p*d + 28 = 5*n. What is the units digit of n?
5
Suppose 16 = 14*i - 10*i. Suppose 9*q - i*q - 90 = 0. Suppose g - 10 = q. What is the tens digit of g?
2
What is the tens digit of (-6)/(-11) - 52617/(-33)?
9
Let g(a) = a**3 + 3*a**2 - 2*a - 5. Suppose -70*y - 9 = -73*y. What is the units digit of g(y)?
3
What is the units digit of 3/1 + (7 - 6 - -408)?
2
Let j(y) = 3*y**3 - 22*y**2 + 9*y - 4. What is the tens digit of j(9)?
8
Suppose 3*j - 12*v - 7749 = -9*v, 0 = -3*j + 5*v + 7753. What is the units digit of j?
1
Suppose -4*f - 5*o = -6705, o + 5705 = 4*f - 1018. What is the units digit of f?
0
Let y(n) = 4*n**2 - 56*n - 50. What is the tens digit of y(32)?
5
Suppose -60*d = -54*d - 282. Let v = d + -12. What is the tens digit of v?
3
Suppose 1607 = 2*f + 603. What is the tens digit of f?
0
Let c(z) = z**2 - z - 77. Let n be c(0). Suppose -5*p + 133 = -2*w + w, 0 